 greatest common divisor of 72 and r.
24
Suppose -2*f + 4*g = -26, -4*f - 8 + 0 = 4*g. Let b(n) = -4*n + 17. Let m be b(5). Let p = 6 - m. Calculate the greatest common factor of f and p.
3
Let n be 3 - 3 - (1 - -1). Let v be n/(-1) + 3 + -1. Suppose 6 = 2*u - v. Calculate the greatest common factor of 5 and u.
5
Suppose -810 = -32*s + 5*s. What is the highest common divisor of 105 and s?
15
Let w(o) = o**3 - 10*o**2 + 11*o - 2. Let g be w(9). Let h be (g + 1 - -3) + 9 + -9. What is the highest common factor of h and 5?
5
Let o be 9*((-16)/6)/((-6)/9). Calculate the greatest common divisor of o and 36.
36
Suppose -7*f + 15 = -4*f. Suppose 0 = -0*c + f*c - 65. Let p be (-2)/(-6)*39/(-2)*-2. What is the greatest common divisor of p and c?
13
Suppose l + 3355 = 12*l. What is the highest common factor of 5 and l?
5
Suppose 0 = 14*c - 18*c. Suppose 3*i + 2*l - 45 = c, -2*i - l + 35 = 2*l. What is the highest common factor of 13 and i?
13
Suppose -48*h - 15 = -63*h. What is the greatest common divisor of h and 113?
1
Let r = 757 + -415. Suppose -5*p = -33 - r. Suppose 5*z - p = -0*z. What is the highest common divisor of 6 and z?
3
Suppose -3*c + 4*d - 12 - 2 = 0, 10 = 2*d. Let j(m) = m - 7. Let l be j(6). Let p be 12/18*((2 - -32) + l). Calculate the greatest common factor of c and p.
2
Let v = 37 - -6. Suppose -f - v = -2*a - 2*f, -3*a + f = -57. What is the highest common factor of 5 and a?
5
Let q = -1 + 6. Suppose -51 = -h - k + 17, 290 = q*h - 5*k. Calculate the highest common divisor of h and 7.
7
Suppose -4*c + 2744 - 884 = 4*z, 2*z = -3*c + 1400. Calculate the greatest common factor of 47 and c.
47
Suppose -5*o = -0*o - 5. Let k be 2*(-3 - -44) - o. What is the highest common divisor of 27 and k?
27
Let g(l) = -2*l**2 - 33*l + 48. Let t be g(-15). What is the greatest common divisor of 186 and t?
93
Let a be 54 - (5/3 - 21/(-63)). Suppose f = 11 + 2. What is the greatest common factor of f and a?
13
Let y = -30 + 63. Let c = 277 + -46. Calculate the greatest common divisor of c and y.
33
Let x = 358 - 339. Calculate the greatest common divisor of 247 and x.
19
Let k = 632 + -467. Calculate the greatest common divisor of k and 55.
55
Suppose n = -5*t + 14, -4*t - 9 = n - 23. Let l = 168 + n. What is the highest common divisor of l and 26?
26
Suppose -3*r + 5*j = -0*j - 106, 3*j = 5*r - 150. Calculate the greatest common factor of 189 and r.
27
Suppose -4*x = -k - 0*x + 4, -4*x = 5*k + 4. Let r(b) = -b**2 + 2*b**2 + k*b**2 - 4 + 3*b. Let w be r(-6). Calculate the greatest common factor of 70 and w.
14
Let h = 151 - -179. Let y be h*2*(-1)/(-3). Let w be y/25*(4 + 1). What is the highest common factor of 11 and w?
11
Suppose 0 = 3*f + r - 75, -7*f + 5*f = -r - 50. What is the highest common factor of f and 25?
25
Let u be -1 + -6*(-26)/4 + 2. Calculate the highest common divisor of u and 310.
10
Suppose -5*i + 3*l = 8*l - 1225, 1225 = 5*i - 4*l. Let g be 5*(4/2 - -5). What is the greatest common divisor of g and i?
35
Suppose -10*c = -9*c - 60. Calculate the greatest common divisor of 20 and c.
20
Let t(x) = -11*x**3 - 2*x**2 + 1. Let c be 1 + -2 + 0 + 0. Let l be t(c). Suppose 14 - 44 = -3*w. Calculate the highest common factor of w and l.
10
Let g(z) = 0*z + 5*z**2 + 4*z + z + 3. Let o be g(-4). Let b = o + -43. Calculate the greatest common factor of 60 and b.
20
Let k = 320 - 201. What is the greatest common divisor of k and 51?
17
Let b be ((-35)/(-10))/((-1)/(-2)). Suppose 2*p - 5*h + 0*h - 14 = 0, p = 5*h + b. Calculate the greatest common factor of 1 and p.
1
Let u(f) = -112*f - 1107. Let n be u(-10). What is the highest common divisor of 1118 and n?
13
Let g(v) = -4*v. Let t be g(-1). Suppose -t*y + 80 = -32. Let p(o) = 2*o**3 + o - 1. Let n be p(3). Calculate the greatest common divisor of y and n.
28
Suppose 37*i - 540 - 570 = 0. Calculate the greatest common divisor of i and 120.
30
Let y = 89 - 68. Let u = -16 - -6. Let c be 48/u*(-70)/y. Calculate the greatest common divisor of c and 64.
16
Suppose 0*b - 3*h - 44 = -2*b, 0 = 5*b - 2*h - 88. Let r = -2 + b. Suppose 0 = -1588*i + 1594*i - 42. Calculate the highest common factor of i and r.
7
Let p(z) be the first derivative of z**2/2 - 7*z - 1. Let j be p(9). Suppose -o - o + j = 0. Calculate the highest common factor of o and 5.
1
Let x be -2 + 5 + -4 - 1. Let v be x*(3 - 1)/((-4)/3). What is the greatest common factor of v and 36?
3
Suppose -28*i = -31855 + 8531. What is the greatest common factor of 17 and i?
17
Let v = -2235 - -2239. Let y be ((-22)/(-6))/((-3)/(-36)). Calculate the highest common divisor of y and v.
4
Let v = -2498 + 5893. What is the greatest common factor of v and 35?
35
Suppose -3*r - o + 453 = 0, -738 = -5*r - 55*o + 59*o. Calculate the highest common factor of r and 6.
6
Let o(m) = -m**3 - 5*m**2 + 16*m - 9. Let t be o(-9). Let v = -91 + t. Let r = 32 + -22. Calculate the greatest common factor of v and r.
10
Suppose -200*x - 630 = -202*x. What is the greatest common divisor of x and 63?
63
Suppose -21*a - 226 = -2*f - 19*a, f = -5*a + 131. What is the highest common factor of 638 and f?
58
Let a = -231 + 149. Let p = a - -156. Calculate the highest common divisor of p and 111.
37
Let m(f) = f**2 + 3*f - 5. Let j be m(-5). Let t = j + 2. Let y(c) = c**2 - 48*c + 596. Let g be y(23). Calculate the greatest common factor of g and t.
7
Let t(o) be the second derivative of o**4/6 + 3*o**3/2 - 7*o**2 + 36*o. Let x be t(-10). What is the highest common divisor of 32 and x?
32
Suppose -5*z + 2*z = 0. Suppose z = 2*l + 23 - 5. Let o be (-33)/(-3) + l/(-3). What is the greatest common factor of o and 126?
14
Suppose -f = k + 1, -2*k + 0*k + 3*f = -23. Let o be k - 4 - (-3)/((-3)/(-70)). Calculate the highest common divisor of 28 and o.
14
Suppose 1 = -d + 4. Suppose -d*f = -179 - 37. Let c = 99 + -90. What is the greatest common divisor of f and c?
9
Let k be ((-2)/(-5))/((-2)/(-650)). Suppose 5*y = -0*y + k. Calculate the highest common divisor of 52 and y.
26
Let c be (0 + -1)/(1/(-3)). Suppose -5 = -o + c. What is the greatest common factor of o and 16?
8
Let f(q) = -8*q + 11. Let i be f(0). What is the greatest common divisor of i and 440?
11
Let s be -5*2*(-3)/6. Suppose -78 - 2 = -16*h. What is the highest common factor of h and s?
5
Let k = 306 + 315. Calculate the highest common factor of k and 23.
23
Suppose 0 = 2*t - 0*t + 2*d - 56, -t = -4*d - 33. Suppose -5*x = y + 148, -2*x - y - 87 + t = 0. Let f = x + 44. What is the highest common divisor of 2 and f?
2
Suppose 6*t = t + 30. Let x = -165 + 237. Suppose x = i + i. What is the greatest common factor of i and t?
6
Let c be ((-28)/8)/(-7)*24. Suppose -3*s + 0*s = -c. Let o = 10 + 26. What is the greatest common factor of o and s?
4
Suppose -3*z = 2*o - 322, -o = 5*z - 2*z - 317. Calculate the highest common factor of 39 and z.
13
Let q(y) = -y**3 - 5*y**2 - 25*y - 86. Let i be q(-5). Calculate the greatest common factor of i and 52.
13
Let i be 10 - (-1)/(-2 - -1). Let h = -6 - -15. Suppose 648 = -q + h*q. Calculate the highest common divisor of i and q.
9
Let u = -57 + 147. Let i = u + 20. Calculate the greatest common divisor of i and 20.
10
Let a be (131/(-2) - 2)*-2. Suppose 5*d = -5*k + a, 4*d + 54 = 6*d + 3*k. Calculate the highest common divisor of d and 18.
9
Suppose 298*o + 1081 = 301*o + c, 2*o = -3*c + 723. What is the greatest common divisor of 280 and o?
40
Suppose -4*v - 86 = -438. Let u = 100 - v. What is the greatest common factor of 8 and u?
4
Let t be 8/10 - 16638/(-15). Calculate the highest common factor of t and 37.
37
Suppose 0 = j + 68 - 486. Suppose 11*n - 9*n = j. Calculate the greatest common divisor of 19 and n.
19
Let h(k) = -10*k + 52. Let c be h(5). Calculate the greatest common factor of c and 1.
1
Let j(v) = 19*v**2 - v + 4. Let x be j(-4). What is the greatest common factor of x and 24?
24
Let y = 9 - -21. Suppose -5*l + 120 = -l. Suppose -q + l = q. What is the greatest common divisor of y and q?
15
Suppose 34*v = 6*v + 616. Calculate the greatest common divisor of 825 and v.
11
Let w = 15 + -9. Let m be (-3)/w*-19*2. Suppose -c = -2*u + 149, u - 234 = -2*u - 2*c. Calculate the highest common factor of u and m.
19
Let s be 180548/62 - 484/7502. Calculate the highes